*b = -g - 2*b + 133. List the prime factors of g.
5
Let s(h) = -119*h - 103*h + 76 - 107*h + 327*h. Suppose 2*o = o - 27. What are the prime factors of s(o)?
2, 5, 13
Suppose 3*k = 12*k - 531. What are the prime factors of 1*679 + (61 - k)?
3, 227
Let z = -101 + 113. Suppose 167 = d - 5*j, -13*j + z*j - 5 = 0. What are the prime factors of d?
2, 71
Suppose -3*a + 5 = -1. Let f be 3 + -5 + (-6 - -14) + -3. Suppose 97 = -a*s + f*s. List the prime factors of s.
97
Let a(q) = -q**3 - 2*q**2 - 16*q - 5. Let p be a(-5). Suppose 837 - p = 3*k. List the prime factors of k.
229
Suppose -5*p = -2889*w + 2885*w - 153208, 0 = -2*p - 3*w + 61297. What are the prime factors of p?
2, 47, 163
Suppose 9*q + 8 = -2*p + 5*q, 0 = p + q + 2. Suppose 682 = 11*g - p*g. Let v = 161 - g. List the prime factors of v.
3, 11
Let k be -1 + 7 + 4/(-1). Let j(t) = -14*t + 5 + 11*t**2 - k*t**3 + 0*t**3 - 4*t**3 + 7*t**3. List the prime factors of j(-12).
29
Let m(g) = -3*g + 155. Let q = 132 - 117. What are the prime factors of m(q)?
2, 5, 11
Let c = -8620 - -19486. What are the prime factors of c?
2, 3, 1811
Suppose 2*z - 5*m + 922 = 0, -4*z = -5*z + 4*m - 455. Let v = -205 - z. List the prime factors of v.
2, 7, 19
Suppose 126 = 8*o - 762. Suppose -1708 = o*b - 113*b. List the prime factors of b.
2, 7, 61
Let f = 592 + -590. What are the prime factors of 673 - (-10 + 2 + f)?
7, 97
Let t = 5 - 1. Suppose x = -9 + 13. Suppose 3*y = -t*c - 60 + 253, x*c - 122 = -2*y. List the prime factors of y.
71
Let x = -112 - -114. Let f(o) = 16*o + 7 - 3*o**2 + 8*o**2 - 15 + 7*o**x. What are the prime factors of f(-5)?
2, 53
Let p(j) = -1897*j + 357. List the prime factors of p(-7).
2, 7, 487
Suppose 19*q + 41*q = 159772 + 410048. What are the prime factors of q?
9497
Let w be ((-30)/25)/(6/(-30)). Let o be (-2)/3 + 22/w. Suppose 2*u + o*z = 356, -z - 2*z = -3*u + 564. List the prime factors of u.
2, 23
Suppose 4*h - 682 - 450 = -2*c, 0 = -5*c + 2*h + 2818. List the prime factors of c.
2, 3, 47
Let x(m) = m**3 + 66*m**2 - 932*m - 23. List the prime factors of x(16).
3, 673
Let h(g) = g**2 - 23*g + 2560. What are the prime factors of h(52)?
2, 3, 113
Let z(i) = 2*i**3 - 24*i**2 - 24*i + 60. Let d be z(14). What are the prime factors of 2 + d + (47 - 46)?
7, 73
Let i(z) = 24*z - 11. Let k be i(1). Suppose 116 = k*u - 339. What are the prime factors of u?
5, 7
Let v = -9195 + 10528. What are the prime factors of v?
31, 43
Let t(b) = -5*b**2 + 41*b - 5. Let z be t(8). Suppose -1551 = -3*o + 3*s, -4*s + 3*s = -z*o + 1549. What are the prime factors of o?
2, 3, 43
Let z(u) = -15*u - 4. Let k(b) = -b**2 - 2*b - 9. Let a be k(-3). Let w = a - -10. What are the prime factors of z(w)?
2, 13
Suppose 2*t = -h + 8 + 12, 2*h = 0. Suppose 4*v = -3*n + 403, -t*n + 7*n + 500 = 5*v. What are the prime factors of v?
97
Let d = 1755 + -1703. What are the prime factors of d?
2, 13
Let y be -3 - (-3 - (-13)/4)*-4. Let r be (-1 - -112)/1 - (y - -3). List the prime factors of 8/2 - (-2 - 3 - r).
7, 17
Let d = -99 - -87. Let l(p) = -30*p - 11. What are the prime factors of l(d)?
349
Let a(q) = q**2 + 23*q - 23. Let u be a(-12). Let s = u + 343. Let v = s + -95. List the prime factors of v.
3, 31
Let y be (179/2)/((-1339)/(-338) + -4). Let i = -1191 - y. List the prime factors of i.
2, 71
Suppose -2*c - 595 = 1055. Let m = c - -1301. What are the prime factors of m?
2, 7, 17
Let t = 21 - 3. Let l be -1 + 2 + 1 + t. Let h = l + 69. List the prime factors of h.
89
Let u(f) = -f**3 - 26*f**2 - 61*f - 23. Let r be u(-24). Suppose 5*w = 3*j + r, -27*w + 23*w = -3*j - 230. What are the prime factors of w?
59
Let r(y) = -y**2 - 2*y. Let v be r(-1). Let n be 2/(v/(9/6)) + -10. What are the prime factors of (15 + -1)*(-18)/n?
2, 3
Let c = 1908 + 12944. What are the prime factors of c?
2, 47, 79
Let h(b) = 3*b**2 - 15*b + 54. Let z be h(17). Let x(p) = -54*p**3 - p**2 - 2*p - 3. Let g be x(-2). Let y = z - g. List the prime factors of y.
3, 79
Let f(a) = 11683*a**2 - 56*a + 4. What are the prime factors of f(1)?
3, 3877
Let j(d) = -d**3 + 23*d**2 - 75*d - 25. Let c be j(19). Let a(f) = -248*f - 98. List the prime factors of a(c).
2, 5, 139
Suppose 0 = -6*q + 210 - 198. Suppose 12*y = -q*i + 16*y + 1358, 3*i - 2037 = 3*y. List the prime factors of i.
7, 97
Let r = -10 - -209. Suppose -r = -u + 172. List the prime factors of u.
7, 53
Let r(y) be the second derivative of -y**5/20 + 11*y**4/6 + 7*y**3/2 + 47*y**2/2 - 21*y. Let t be r(23). What are the prime factors of (112 - 1) + 8/(4/t)?
113
Suppose 4 = 2*a - k, 4*a - 8 - 4 = 4*k. Let f be (5/(-5) + (4 - a))*1. Suppose 44 = 6*d - f*d. List the prime factors of d.
11
Suppose -4*r + 3*c - 29 = -2*c, -3*c = -15. List the prime factors of ((-1)/(-4) + 8)/(r/(-12)).
3, 11
Suppose -16*m + 11*m + 20 = 0. Suppose 5*t - 3*g = 11, 9*t = 4*t + m*g + 8. List the prime factors of (42/t)/(2/4).
3, 7
Suppose -5*a + 2727 + 3113 = 0. Suppose 0*u - 4*u + a = 2*r, 1196 = 4*u - 5*r. List the prime factors of u.
2, 3, 7
Suppose -57*z + 33*z + 4570995 = 119*z. List the prime factors of z.
3, 5, 2131
Let z = 78 - 75. Let l(v) = -z*v + 118 - v + 11. List the prime factors of l(0).
3, 43
Let t(q) = 29*q**2 + 55*q - 157. Let x(o) = -43*o**2 - 84*o + 235. Let d(z) = 8*t(z) + 5*x(z). What are the prime factors of d(5)?
2, 3, 37
Suppose 0 = -5*p + 104 + 166. Suppose i - p = -2*i. List the prime factors of 4/(-6) + 2046/i.
113
Let k(i) = -2*i**2 + 44. Let c = 26 - 17. Suppose -5*t - 2*v + 10 = 0, -c - 6 = -3*v. List the prime factors of k(t).
2, 11
Suppose -4*u = 3*p - 97317, -4*u - 5*p = -100323 + 3000. What are the prime factors of u?
3, 17, 53
Let v(b) = -20*b + 24. Let f(o) = o**3 - 8*o**2 + 5*o - 36. Let j be f(8). Suppose -38 + 14 = j*l. What are the prime factors of v(l)?
2, 3
Let n be ((-4602)/91)/((-1)/(-7)). Let i = -268 - n. What are the prime factors of i?
2, 43
Suppose 3*i = 27 + 33. Let g be (-5*(-4)/i)/(0 + 1). Suppose 3*x + 543 = 4*o, 2*x + g + 1 = 0. What are the prime factors of o?
3, 5
Let b(w) be the second derivative of 14*w**4/3 + 4*w**3/3 + 11*w**2/2 + 4*w - 2. List the prime factors of b(-2).
3, 73
Let u(o) be the third derivative of o**5/30 - 7*o**4/24 - 2*o**3/3 + 20*o**2. List the prime factors of u(13).
3
Let r be 24/(-30)*11235/(-6). Let c = -1014 + r. List the prime factors of c.
2, 11
Let s = 7 + -4. Let w(y) = y**3 + 14*y**2 + 2. Let z be w(-14). Suppose -4*g - z = -0*m + s*m, -2 = m + 2*g. List the prime factors of m.
2
Suppose -f = r + 556, 2*r + 1669 = -3*f - 0*f. Let u be (-21 - -22)*(3 + -2 + f). What are the prime factors of (24/(-9))/(-1 + u/(-564))?
2, 47
Let q(y) = 8*y - 7 + 19 - 26. Let o be q(3). Let v = o + 32. List the prime factors of v.
2, 3, 7
Let a be (-469*3/(-6))/(4/8). Let h(w) = 3*w + 9. Let f be h(8). Suppose 2*p - a = -f. What are the prime factors of p?
2, 109
Let f(k) = 52*k - 38. Suppose 4*b + 16 - 18 = 2*w, 25 = 5*w - 4*b. List the prime factors of f(w).
2, 5, 43
Let m(t) = 9950*t - 270. What are the prime factors of m(1)?
2, 5, 11
Let f = 13284 - 8695. List the prime factors of f.
13, 353
Suppose -5*d - 12*d = 0. Suppose x - 1434 = -4*m - x, d = -3*m - 4*x + 1063. List the prime factors of m.
19
List the prime factors of 6850 - 5*16/(-40)*1.
2, 3, 571
Let b be 3/(-5) + 24/40. Suppose 0*c = -c - o - 8, -5*c - 4*o - 36 = b. List the prime factors of (-18)/(-3) + c + -3 + 116.
5, 23
List the prime factors of 44*(-3 - -1416 - (35 + -39)).
2, 11, 13, 109
Let o = 2454 - 3622. Let g = o - -1664. Suppose -6*p + 3*p - 2*i = -g, -i = 3*p - 497. What are the prime factors of p?
2, 83
Suppose -v = 5*d - 0*d - 2, 0 = -4*v - 3*d - 9. Let x(h) = 122*h**2 + 36*h + 2. What are the prime factors of x(v)?
2, 31
Let z(s) = 16*s + 610. Let b be z(0). Let n = b + 1234. What are the prime factors of n?
2, 461
Let r(m) = m**3 + 4*m**2 - 23*m - 11. Let g be r(-7). Suppose -1953 = -0*z - g*z + 3*a, 0 = -4*z - a + 2589. List the prime factors of z.
2, 3
Suppose -4*b - 4*j + 7510 = -19182, 3*b - 20043 = 3*j. What are the prime factors of b?
11, 607
Suppose -4 = -r, 0*r = m + 2*r - 19. Suppose 1748 - 527 = m*u. What are the prime factors of u?
3, 37
Let x = -46 - -70. Suppose 249 = 3*v - x. Let y = v - 34. List the prime factors of y.
3, 19
List the prime factors of (18